rs of v.
2, 5
Suppose 13*q - 8*q + 4375 = 0. Let b be ((-24)/30)/(5/q). Suppose -b = -n + 4*d, 3*d = -4 - 2. List the prime factors of n.
2, 3, 11
Let m(z) = -z**3 - z**2 + z. Let b be m(0). Let d be b + 499 + 8/4. Suppose -4*i + 199 = -d. List the prime factors of i.
5, 7
Let r be 10/6*(-90)/(-50). What are the prime factors of 25*(-2 + r)*(25 + -10)?
3, 5
Let i be 1/(-1 + 2)*-1. Let f be (5/(-20) - i) + 17/4. Suppose f*l + 2*l - 469 = 0. What are the prime factors of l?
67
Let p = 1579 + 2898. Suppose -b = 5*d - p, 4*d = 2*d + 2*b + 1798. What are the prime factors of d?
2, 7
Let b(x) be the third derivative of x**4/6 - 11*x**3/6 - 4*x**2. Let z be b(3). What are the prime factors of z*4/(-2) + -9 + 53?
2, 3, 7
Suppose -5*t - 2*h = -29235 - 62160, -3*t = -5*h - 54868. List the prime factors of t.
101, 181
Suppose 6*a - 57 = 321. Suppose z = -3*j + 715, 5*z - 660 = -3*j + 71. Suppose j = 3*i + 3*l - a, -206 = -2*i - 4*l. What are the prime factors of i?
97
Let c(p) be the third derivative of p**6/120 - 7*p**5/60 + p**4/3 + 3*p**3/2 + 15*p**2. Let g be c(8). Let u = 229 - g. What are the prime factors of u?
2, 23
Suppose -3*o - 49 = -10*o. Suppose o*b = 9*b - 6. Suppose b*v - 83 = -5*n, -5*v - 3*n + 134 = n. List the prime factors of v.
2, 13
Suppose -5*y - n + 49 = 0, -2*y - 2*n = -3*n - 21. What are the prime factors of (-18)/1*y*(-3)/2?
2, 3, 5
Suppose 2*p = -3*p + 70756 + 142654. List the prime factors of p.
2, 21341
Let b = 547 - 545. What are the prime factors of ((-2208)/80)/(b/(-45))?
3, 23
Let w = 1838 - 1188. Suppose 2*q + 0*g = 5*g - 646, 2*q - 4*g = -w. Let p = -201 - q. What are the prime factors of p?
2, 3, 11
Let y(q) = -2*q + 96. Let o be y(-27). Let u = o - -298. What are the prime factors of u?
2, 7
Let l(h) = 91*h**2 + 9*h - 32. List the prime factors of l(-20).
2, 83, 109
What are the prime factors of (-3)/5 - (1721/(-10))/((-65)/(-2340))?
3, 5, 7, 59
Let r(u) = u**2 - u - 13. Let j be r(5). Let s = j + 78. What are the prime factors of s?
5, 17
Let s = 16 + -45. Let m(d) = 2*d**2 + 54*d - 26. What are the prime factors of m(s)?
2, 3, 5
Suppose -x - 4*t + 30542 = 0, 69*t = -3*x + 74*t + 91660. What are the prime factors of x?
2, 5, 13, 47
Suppose 218*q - 773788 = 71*q + 1078559. List the prime factors of q.
12601
Let r be ((-2)/(-4))/(7/(-28)). Let h be 0/r - 3 - (-17)/1. List the prime factors of (-2512)/(-28) - (-4)/h.
2, 3, 5
Let g = 14283 - -450. List the prime factors of g.
3, 1637
Let d = 6643 - 1592. List the prime factors of d.
5051
Suppose 15 = 5*w, v + 84*w = 86*w + 15956. What are the prime factors of v?
2, 23, 347
Let a be (-16)/6*(3 - (-27)/(-6)). Suppose -5 = a*h + c, 0*h - 5*h - 7 = c. Let m(z) = -55*z - 5. What are the prime factors of m(h)?
3, 5, 7
What are the prime factors of 22545 + (-8 - -12) + -1 + 3?
3, 7517
Let b(y) = -11*y + 25. Let t be b(-13). Let z = t - 73. List the prime factors of z.
5, 19
Let s(b) = 7*b + 5. Let v be s(-1). Let j be -15*(21/9 + v)*-5. Let k = -13 + j. List the prime factors of k.
2, 3
Let z(w) = 4*w**2 + 6*w + 10. Let b be z(-2). Suppose 1691 = b*x - 3503. What are the prime factors of x?
7, 53
Let f(m) = -5*m**2 + 16*m - 1075. Let l(v) = 9*v**2 - 29*v + 2150. Let a(p) = 11*f(p) + 6*l(p). List the prime factors of a(0).
5, 43
Suppose -391847 = -17*i + 680666. List the prime factors of i.
13, 23, 211
Suppose 0 = -5*k - 4*o + 41, -6 - 10 = -4*o. Let d be (-133)/(-14)*20/5. Suppose k*j = 2*i + 124, -2*j - 4*i = -j - d. What are the prime factors of j?
2, 13
Let r = -54756 - -79441. What are the prime factors of r?
5, 4937
Let o be (7 + 5)/(2/3*-3). Let x(r) = 3*r**2 + r + 7. What are the prime factors of x(o)?
109
Let c(w) = 52*w**2 + 15*w + 67. Let z be c(-6). Let m = z - 757. What are the prime factors of m?
2, 3, 7, 13
Let o = -21 - -25. Suppose o*c - 4*x - 1460 = 0, -4*x + 12 = -4. List the prime factors of c.
3, 41
Let g(c) = 6*c - 17. Let b be g(14). Suppose -15*x = -b*x + 70928. List the prime factors of x.
2, 11, 31
Let l(u) = 68*u - 6. Let h be l(-6). Let k be (h/(-7))/(8/56). Suppose -9 = -3*x, -v + 6*v - 2*x = k. List the prime factors of v.
2, 3, 7
Let d(i) = -7*i**2 + i + 133. Let o be d(10). Let z = o + 1508. List the prime factors of z.
3, 317
Suppose 2*h + 4*z = -2376, 2*h - 12*z = -17*z - 2376. Let p = 2848 + h. What are the prime factors of p?
2, 5, 83
Let r(d) = -2*d**3 + 6*d**2 - 73*d - 758. List the prime factors of r(-12).
2, 7, 317
List the prime factors of ((-3)/(12/41))/(-8*(-12)/(-23424)).
41, 61
Suppose 0 = 8*u + 22*u - 10620. Let p = u + 1162. What are the prime factors of p?
2, 379
Let p(y) = 12*y - 4. Let m be p(6). Let d = -63 + m. Suppose -d*o - 5*s + 145 = 20, 2*o = -4*s + 42. List the prime factors of o.
29
Suppose 58489 = 49*z - 92774. List the prime factors of z.
3, 7
Suppose 106*m = 52*m + 43*m + 74030. List the prime factors of m.
2, 5, 673
Let k(w) = 92*w**2 - 2*w - 49. Let x be k(-6). Suppose 0 = 5*j - z - 4105, 4*j - z - x = -2*z. List the prime factors of j.
2, 5, 41
Suppose 2*y - 34166 - 42840 = -5*z, 0 = -3*y + 5*z + 115409. What are the prime factors of y?
29, 1327
Suppose -4*o = -11*o + 26936. Suppose -5*p - 3*p + o = 0. What are the prime factors of p?
13, 37
Let v(u) = -u**2 + 15*u - 50. Let w be v(6). Suppose -12*f = -w*f - 3512. Suppose 3*a - h - f = 0, -3*a + 2*h + 162 = -272. List the prime factors of a.
2, 37
Let z = 62363 - 39510. What are the prime factors of z?
22853
Suppose 0 = 4*d + 12*c - 10*c - 998, -4*d = -5*c - 1019. Suppose 16*b = 3051 - d. What are the prime factors of b?
5, 7
Suppose -19*i + 264284 = -91719. What are the prime factors of i?
41, 457
Let f be 4/(-1)*(-58)/(-8). Let y(t) = 2*t**2 + 45*t + 20. What are the prime factors of y(f)?
397
What are the prime factors of ((-5)/10 + 605114/4)*11/33?
2, 19, 1327
Suppose 125051 = 21*v - 203872. What are the prime factors of v?
3, 23, 227
Let f = 75986 - 48148. List the prime factors of f.
2, 31, 449
Let m be (-27)/(-45)*5*7. Suppose -r - 2*r = -m. Suppose -381 = -r*l + 214. What are the prime factors of l?
5, 17
Suppose -34 = 2*j - 32, 4*j + 844 = 3*i. Let c = i + -51. What are the prime factors of c?
229
Suppose 2*i + 8 = 0, -1 = -4*o + 3*i - 73. What are the prime factors of (o - -1)/((-159)/78 - -2)?
2, 5, 13
Let i be -19 + 21 - (2 + -4). Suppose -t - i*q + 847 = 0, -2*q - 1157 - 2231 = -4*t. What are the prime factors of t?
7, 11
Let r be 2 - (-4)/(-8)*0. Suppose 26 = 4*w + r*b, -w + b = 6*b - 20. Suppose -2*v + 4*v + 5*k - 38 = 0, 0 = w*v + 4*k - 78. List the prime factors of v.
2, 7
Let a = 13292 - 6170. List the prime factors of a.
2, 3, 1187
Let q(z) = 2*z + 95. List the prime factors of q(20).
3, 5
Suppose 6*b + 33405 = w + 10*b, -2*b - 167091 = -5*w. List the prime factors of w.
3, 47, 79
Let s = -79 + 81. Suppose -6*r - s*p = -r - 2482, -5*p + 976 = 2*r. List the prime factors of r.
2, 3, 83
Suppose 5*n + 4*f = 146, -2*n + 20 = 3*f - 44. Suppose 25*x = n*x - 5. Suppose x*m - 285 = 410. What are the prime factors of m?
139
Let g = 3321 - 1687. List the prime factors of g.
2, 19, 43
Let k(d) = 15*d**2 - 9*d - 47. Let t be k(-7). Suppose -7*l = -t - 1566. What are the prime factors of l?
331
List the prime factors of (-2)/10 + 15155/25 + 7.
613
Let h = -40 - -4. Let w = h + 34. Let q(f) = -58*f + 1. List the prime factors of q(w).
3, 13
Let t = 48 - 38. Suppose 341 = -u - t*u. List the prime factors of (-10)/3*(u - (-16)/(-8)).
2, 5, 11
Let c(f) = 364*f**3 - f**2 + 3*f - 2. Suppose 5*g - 3*u + 5 = 4, 11 = 3*g + 4*u. What are the prime factors of c(g)?
2, 7, 13
Let t(h) = 0 + 4 - 5*h + 111*h**2 + 0*h - 10*h**2. Let y(b) = b**3 - 5*b**2 - b + 21. Let z be y(4). List the prime factors of t(z).
2, 5
Let h(d) = 1431*d + 1311. What are the prime factors of h(13)?
2, 3, 3319
List the prime factors of (75/10 + 2)/((-12)/(-3768)).
19, 157
Suppose -3*m - 9 = 0, 5*d + 2*m = -3*m. Suppose f + f = 10, 2137 = d*h - f. List the prime factors of h.
2, 3, 7, 17
Let j(z) = 32*z**2 - 9*z + 7. Let g be j(4). Let c = g + -195. Suppose 9*u - 18*u = -c. What are the prime factors of u?
2
Suppose 4*q = -d + 7*q - 15, -2*d - 20 = -4*q. Let g be (-16)/6*(-12)/8. Suppose d*k - 352 = -g*k. List the prime factors of k.
2, 11
Let i be 22*((-39)/9)/((-2)/(-3)). Let p = i - -153. Li